{"id":4147,"date":"2023-11-08T10:23:41","date_gmt":"2023-11-08T10:23:41","guid":{"rendered":"https:\/\/delcetino.eu\/?post_type=product&#038;p=4147"},"modified":"2023-11-09T10:03:26","modified_gmt":"2023-11-09T10:03:26","slug":"aceite-de-oliva-virgen-extra-variedad-arbequina","status":"publish","type":"product","link":"https:\/\/delcetino.eu\/es\/producto\/aceite-de-oliva-virgen-extra-variedad-arbequina\/","title":{"rendered":"Aceite de Oliva Virgen Extra variedad Arbequina"},"content":{"rendered":"<h2><strong>Aceite de Oliva Virgen Extra variedad Arbequina<\/strong><\/h2>\n<p>Un aceite delicado, con un sabor suave y un aroma claramente distinto.<\/p>\n<p>Perfecto para pescados a la brasa, lechugas frescas o en un pur\u00e9 delicioso para reemplazar la mantequilla.<\/p>\n<p><strong>Caracter\u00edsticas <\/strong><\/p>\n<p>El fruto de la variedad \u2018Arbequina\u2018 es ovalado y peque\u00f1o. El periodo de cosecha empieza en nuestra regi\u00f3n desde finales de septiembre. Caracter\u00edstica es el alto nivel de \u00e1cido linoleico. Esto explica la densidad t\u00edpica y afrutado del aceite. Adem\u00e1s, le da su car\u00e1cter t\u00edpico &#8220;mantecoso&#8221;.<\/p>\n<p>Al mismo tiempo, es el aceite m\u00e1s susceptibles a la oxidaci\u00f3n, lo que significa que su vida \u00fatil es menor que con otras variedades. As\u00ed que definitivamente no guarde pero disfrutar!<\/p>\n<p>El aceite se utiliza mejor en fr\u00edo debido a las sustancias arom\u00e1ticas que son muy vol\u00e1tiles.<\/p>\n<p>&nbsp;<\/p>\n<p><strong>Embalaje <\/strong><\/p>\n<p>25 cl Vidrio obscuro<\/p>\n<p>50 cl Vidrio obscuro<\/p>\n<p>3L Baginbox<\/p>\n<p>Estuche de lujo (3x25cl o 1x50cl)<\/p>\n<p>&nbsp;<\/p>\n","protected":false},"excerpt":{"rendered":"<p>Un aceite delicado, con un sabor suave y un aroma claramente distinto.<\/p>\n<p>Perfecto para pescados a la brasa, lechugas frescas o en un pur\u00e9 delicioso para reemplazar la mantequilla.<\/p>\n<p><strong>Caracter\u00edsticas <\/strong><\/p>\n<p>El fruto de la variedad \u2018Arbequina\u2018 es ovalado y peque\u00f1o. El periodo de cosecha empieza en nuestra regi\u00f3n desde finales de septiembre. Caracter\u00edstica es el alto nivel de \u00e1cido linoleico. Esto explica la densidad t\u00edpica y afrutado del aceite. Adem\u00e1s, le da su car\u00e1cter t\u00edpico &#8220;mantecoso&#8221;.<\/p>\n<p>Al mismo tiempo, es el aceite m\u00e1s susceptibles a la oxidaci\u00f3n, lo que significa que su vida \u00fatil es menor que con otras variedades. As\u00ed que definitivamente no guarde pero disfrutar!<\/p>\n<p>El aceite se utiliza mejor en fr\u00edo debido a las sustancias arom\u00e1ticas que son muy vol\u00e1tiles.<\/p>\n","protected":false},"featured_media":4010,"comment_status":"closed","ping_status":"closed","template":"","meta":[],"product_cat":[110,121],"product_tag":[],"class_list":{"0":"post-4147","1":"product","2":"type-product","3":"status-publish","4":"has-post-thumbnail","6":"product_cat-aceite-de-oliva-virgen-extra-es","7":"product_cat-arbequina-es"},"yoast_head":"<!-- This site is optimized with the Yoast SEO plugin v21.7 - https:\/\/yoast.com\/wordpress\/plugins\/seo\/ -->\n<title>Aceite de Oliva Virgen Extra variedad Arbequina - Del Cetino Olijfolie<\/title>\n<meta name=\"robots\" content=\"index, follow, max-snippet:-1, max-image-preview:large, max-video-preview:-1\" \/>\n<link rel=\"canonical\" href=\"https:\/\/delcetino.eu\/es\/producto\/aceite-de-oliva-virgen-extra-variedad-arbequina\/\" \/>\n<meta property=\"og:locale\" content=\"es_ES\" \/>\n<meta property=\"og:type\" content=\"article\" \/>\n<meta property=\"og:title\" content=\"Aceite de Oliva Virgen Extra variedad Arbequina - Del Cetino Olijfolie\" \/>\n<meta property=\"og:description\" content=\"Un aceite delicado, con un sabor suave y un aroma claramente distinto.  Perfecto para pescados a la brasa, lechugas frescas o en un pur\u00e9 delicioso para reemplazar la mantequilla.  Caracter\u00edsticas   El fruto de la variedad \u2018Arbequina\u2018 es ovalado y peque\u00f1o. El periodo de cosecha empieza en nuestra regi\u00f3n desde finales de septiembre. Caracter\u00edstica es el alto nivel de \u00e1cido linoleico. Esto explica la densidad t\u00edpica y afrutado del aceite. Adem\u00e1s, le da su car\u00e1cter t\u00edpico &quot;mantecoso&quot;.  Al mismo tiempo, es el aceite m\u00e1s susceptibles a la oxidaci\u00f3n, lo que significa que su vida \u00fatil es menor que con otras variedades. As\u00ed que definitivamente no guarde pero disfrutar!  El aceite se utiliza mejor en fr\u00edo debido a las sustancias arom\u00e1ticas que son muy vol\u00e1tiles.\" \/>\n<meta property=\"og:url\" content=\"https:\/\/delcetino.eu\/es\/producto\/aceite-de-oliva-virgen-extra-variedad-arbequina\/\" \/>\n<meta property=\"og:site_name\" content=\"Del Cetino Olijfolie\" \/>\n<meta property=\"article:modified_time\" content=\"2023-11-09T10:03:26+00:00\" \/>\n<meta property=\"og:image\" content=\"https:\/\/delcetino.eu\/wp-content\/uploads\/2023\/09\/aceite-oliva-virgen-extra-arbequina-50cl.jpg\" \/>\n\t<meta property=\"og:image:width\" content=\"1000\" \/>\n\t<meta property=\"og:image:height\" content=\"973\" \/>\n\t<meta property=\"og:image:type\" content=\"image\/jpeg\" \/>\n<meta name=\"twitter:label1\" content=\"Tiempo de lectura\" \/>\n\t<meta name=\"twitter:data1\" content=\"1 minuto\" \/>\n<script type=\"application\/ld+json\" class=\"yoast-schema-graph\">{\"@context\":\"https:\/\/schema.org\",\"@graph\":[{\"@type\":\"WebPage\",\"@id\":\"https:\/\/delcetino.eu\/es\/producto\/aceite-de-oliva-virgen-extra-variedad-arbequina\/\",\"url\":\"https:\/\/delcetino.eu\/es\/producto\/aceite-de-oliva-virgen-extra-variedad-arbequina\/\",\"name\":\"Aceite de Oliva Virgen Extra variedad Arbequina - Del Cetino Olijfolie\",\"isPartOf\":{\"@id\":\"https:\/\/delcetino.eu\/en\/#website\"},\"datePublished\":\"2023-11-08T10:23:41+00:00\",\"dateModified\":\"2023-11-09T10:03:26+00:00\",\"breadcrumb\":{\"@id\":\"https:\/\/delcetino.eu\/es\/producto\/aceite-de-oliva-virgen-extra-variedad-arbequina\/#breadcrumb\"},\"inLanguage\":\"es\",\"potentialAction\":[{\"@type\":\"ReadAction\",\"target\":[\"https:\/\/delcetino.eu\/es\/producto\/aceite-de-oliva-virgen-extra-variedad-arbequina\/\"]}]},{\"@type\":\"BreadcrumbList\",\"@id\":\"https:\/\/delcetino.eu\/es\/producto\/aceite-de-oliva-virgen-extra-variedad-arbequina\/#breadcrumb\",\"itemListElement\":[{\"@type\":\"ListItem\",\"position\":1,\"name\":\"Del Cetino\",\"item\":\"https:\/\/delcetino.eu\/es\/\"},{\"@type\":\"ListItem\",\"position\":2,\"name\":\"Tienda\",\"item\":\"https:\/\/delcetino.eu\/es\/tienda\/\"},{\"@type\":\"ListItem\",\"position\":3,\"name\":\"Aceite de Oliva Virgen Extra variedad Arbequina\"}]},{\"@type\":\"WebSite\",\"@id\":\"https:\/\/delcetino.eu\/en\/#website\",\"url\":\"https:\/\/delcetino.eu\/en\/\",\"name\":\"Del Cetino Olijfolie\",\"description\":\"Authentieke Olijfolie uit Spanje\",\"potentialAction\":[{\"@type\":\"SearchAction\",\"target\":{\"@type\":\"EntryPoint\",\"urlTemplate\":\"https:\/\/delcetino.eu\/en\/?s={search_term_string}\"},\"query-input\":\"required name=search_term_string\"}],\"inLanguage\":\"es\"}]}<\/script>\n<!-- \/ Yoast SEO plugin. -->","yoast_head_json":{"title":"Aceite de Oliva Virgen Extra variedad Arbequina - Del Cetino Olijfolie","robots":{"index":"index","follow":"follow","max-snippet":"max-snippet:-1","max-image-preview":"max-image-preview:large","max-video-preview":"max-video-preview:-1"},"canonical":"https:\/\/delcetino.eu\/es\/producto\/aceite-de-oliva-virgen-extra-variedad-arbequina\/","og_locale":"es_ES","og_type":"article","og_title":"Aceite de Oliva Virgen Extra variedad Arbequina - Del Cetino Olijfolie","og_description":"Un aceite delicado, con un sabor suave y un aroma claramente distinto.  Perfecto para pescados a la brasa, lechugas frescas o en un pur\u00e9 delicioso para reemplazar la mantequilla.  Caracter\u00edsticas   El fruto de la variedad \u2018Arbequina\u2018 es ovalado y peque\u00f1o. El periodo de cosecha empieza en nuestra regi\u00f3n desde finales de septiembre. Caracter\u00edstica es el alto nivel de \u00e1cido linoleico. Esto explica la densidad t\u00edpica y afrutado del aceite. Adem\u00e1s, le da su car\u00e1cter t\u00edpico \"mantecoso\".  Al mismo tiempo, es el aceite m\u00e1s susceptibles a la oxidaci\u00f3n, lo que significa que su vida \u00fatil es menor que con otras variedades. As\u00ed que definitivamente no guarde pero disfrutar!  El aceite se utiliza mejor en fr\u00edo debido a las sustancias arom\u00e1ticas que son muy vol\u00e1tiles.","og_url":"https:\/\/delcetino.eu\/es\/producto\/aceite-de-oliva-virgen-extra-variedad-arbequina\/","og_site_name":"Del Cetino Olijfolie","article_modified_time":"2023-11-09T10:03:26+00:00","og_image":[{"width":1000,"height":973,"url":"https:\/\/delcetino.eu\/wp-content\/uploads\/2023\/09\/aceite-oliva-virgen-extra-arbequina-50cl.jpg","type":"image\/jpeg"}],"twitter_misc":{"Tiempo de lectura":"1 minuto"},"schema":{"@context":"https:\/\/schema.org","@graph":[{"@type":"WebPage","@id":"https:\/\/delcetino.eu\/es\/producto\/aceite-de-oliva-virgen-extra-variedad-arbequina\/","url":"https:\/\/delcetino.eu\/es\/producto\/aceite-de-oliva-virgen-extra-variedad-arbequina\/","name":"Aceite de Oliva Virgen Extra variedad Arbequina - Del Cetino Olijfolie","isPartOf":{"@id":"https:\/\/delcetino.eu\/en\/#website"},"datePublished":"2023-11-08T10:23:41+00:00","dateModified":"2023-11-09T10:03:26+00:00","breadcrumb":{"@id":"https:\/\/delcetino.eu\/es\/producto\/aceite-de-oliva-virgen-extra-variedad-arbequina\/#breadcrumb"},"inLanguage":"es","potentialAction":[{"@type":"ReadAction","target":["https:\/\/delcetino.eu\/es\/producto\/aceite-de-oliva-virgen-extra-variedad-arbequina\/"]}]},{"@type":"BreadcrumbList","@id":"https:\/\/delcetino.eu\/es\/producto\/aceite-de-oliva-virgen-extra-variedad-arbequina\/#breadcrumb","itemListElement":[{"@type":"ListItem","position":1,"name":"Del Cetino","item":"https:\/\/delcetino.eu\/es\/"},{"@type":"ListItem","position":2,"name":"Tienda","item":"https:\/\/delcetino.eu\/es\/tienda\/"},{"@type":"ListItem","position":3,"name":"Aceite de Oliva Virgen Extra variedad Arbequina"}]},{"@type":"WebSite","@id":"https:\/\/delcetino.eu\/en\/#website","url":"https:\/\/delcetino.eu\/en\/","name":"Del Cetino Olijfolie","description":"Authentieke Olijfolie uit Spanje","potentialAction":[{"@type":"SearchAction","target":{"@type":"EntryPoint","urlTemplate":"https:\/\/delcetino.eu\/en\/?s={search_term_string}"},"query-input":"required name=search_term_string"}],"inLanguage":"es"}]}},"_links":{"self":[{"href":"https:\/\/delcetino.eu\/es\/wp-json\/wp\/v2\/product\/4147","targetHints":{"allow":["GET"]}}],"collection":[{"href":"https:\/\/delcetino.eu\/es\/wp-json\/wp\/v2\/product"}],"about":[{"href":"https:\/\/delcetino.eu\/es\/wp-json\/wp\/v2\/types\/product"}],"replies":[{"embeddable":true,"href":"https:\/\/delcetino.eu\/es\/wp-json\/wp\/v2\/comments?post=4147"}],"wp:featuredmedia":[{"embeddable":true,"href":"https:\/\/delcetino.eu\/es\/wp-json\/wp\/v2\/media\/4010"}],"wp:attachment":[{"href":"https:\/\/delcetino.eu\/es\/wp-json\/wp\/v2\/media?parent=4147"}],"wp:term":[{"taxonomy":"product_cat","embeddable":true,"href":"https:\/\/delcetino.eu\/es\/wp-json\/wp\/v2\/product_cat?post=4147"},{"taxonomy":"product_tag","embeddable":true,"href":"https:\/\/delcetino.eu\/es\/wp-json\/wp\/v2\/product_tag?post=4147"}],"curies":[{"name":"wp","href":"https:\/\/api.w.org\/{rel}","templated":true}]}}

<h2><strong>Aceite de Oliva Virgen Extra variedad Arbequina</strong></h2>
<p>Un aceite delicado, con un sabor suave y un aroma claramente distinto.</p>
<p>Perfecto para pescados a la brasa, lechugas frescas o en un puré delicioso para reemplazar la mantequilla.</p>
<p><strong>Características </strong></p>
<p>El fruto de la variedad ‘Arbequina‘ es ovalado y pequeño. El periodo de cosecha empieza en nuestra región desde finales de septiembre. Característica es el alto nivel de ácido linoleico. Esto explica la densidad típica y afrutado del aceite. Además, le da su carácter típico &#8220;mantecoso&#8221;.</p>
<p>Al mismo tiempo, es el aceite más susceptibles a la oxidación, lo que significa que su vida útil es menor que con otras variedades. Así que definitivamente no guarde pero disfrutar!</p>
<p>El aceite se utiliza mejor en frío debido a las sustancias aromáticas que son muy volátiles.</p>
<p>&nbsp;</p>
<p><strong>Embalaje </strong></p>
<p>25 cl Vidrio obscuro</p>
<p>50 cl Vidrio obscuro</p>
<p>3L Baginbox</p>
<p>Estuche de lujo (3x25cl o 1x50cl)</p>
<p>&nbsp;</p>

<p>Un aceite delicado, con un sabor suave y un aroma claramente distinto.</p>
<p>Perfecto para pescados a la brasa, lechugas frescas o en un puré delicioso para reemplazar la mantequilla.</p>
<p><strong>Características </strong></p>
<p>El fruto de la variedad ‘Arbequina‘ es ovalado y pequeño. El periodo de cosecha empieza en nuestra región desde finales de septiembre. Característica es el alto nivel de ácido linoleico. Esto explica la densidad típica y afrutado del aceite. Además, le da su carácter típico &#8220;mantecoso&#8221;.</p>
<p>Al mismo tiempo, es el aceite más susceptibles a la oxidación, lo que significa que su vida útil es menor que con otras variedades. Así que definitivamente no guarde pero disfrutar!</p>
<p>El aceite se utiliza mejor en frío debido a las sustancias aromáticas que son muy volátiles.</p>

<!-- This site is optimized with the Yoast SEO plugin v21.7 - https://yoast.com/wordpress/plugins/seo/ -->
<title>Aceite de Oliva Virgen Extra variedad Arbequina - Del Cetino Olijfolie</title>
<meta name="robots" content="index, follow, max-snippet:-1, max-image-preview:large, max-video-preview:-1" />
<link rel="canonical" href="https://delcetino.eu/es/producto/aceite-de-oliva-virgen-extra-variedad-arbequina/" />
<meta property="og:locale" content="es_ES" />
<meta property="og:type" content="article" />
<meta property="og:title" content="Aceite de Oliva Virgen Extra variedad Arbequina - Del Cetino Olijfolie" />
<meta property="og:description" content="Un aceite delicado, con un sabor suave y un aroma claramente distinto.  Perfecto para pescados a la brasa, lechugas frescas o en un puré delicioso para reemplazar la mantequilla.  Características   El fruto de la variedad ‘Arbequina‘ es ovalado y pequeño. El periodo de cosecha empieza en nuestra región desde finales de septiembre. Característica es el alto nivel de ácido linoleico. Esto explica la densidad típica y afrutado del aceite. Además, le da su carácter típico &quot;mantecoso&quot;.  Al mismo tiempo, es el aceite más susceptibles a la oxidación, lo que significa que su vida útil es menor que con otras variedades. Así que definitivamente no guarde pero disfrutar!  El aceite se utiliza mejor en frío debido a las sustancias aromáticas que son muy volátiles." />
<meta property="og:url" content="https://delcetino.eu/es/producto/aceite-de-oliva-virgen-extra-variedad-arbequina/" />
<meta property="og:site_name" content="Del Cetino Olijfolie" />
<meta property="article:modified_time" content="2023-11-09T10:03:26+00:00" />
<meta property="og:image" content="https://delcetino.eu/wp-content/uploads/2023/09/aceite-oliva-virgen-extra-arbequina-50cl.jpg" />
	<meta property="og:image:width" content="1000" />
	<meta property="og:image:height" content="973" />
	<meta property="og:image:type" content="image/jpeg" />
<meta name="twitter:label1" content="Tiempo de lectura" />
	<meta name="twitter:data1" content="1 minuto" />
<script type="application/ld+json" class="yoast-schema-graph">{"@context":"https://schema.org","@graph":[{"@type":"WebPage","@id":"https://delcetino.eu/es/producto/aceite-de-oliva-virgen-extra-variedad-arbequina/","url":"https://delcetino.eu/es/producto/aceite-de-oliva-virgen-extra-variedad-arbequina/","name":"Aceite de Oliva Virgen Extra variedad Arbequina - Del Cetino Olijfolie","isPartOf":{"@id":"https://delcetino.eu/en/#website"},"datePublished":"2023-11-08T10:23:41+00:00","dateModified":"2023-11-09T10:03:26+00:00","breadcrumb":{"@id":"https://delcetino.eu/es/producto/aceite-de-oliva-virgen-extra-variedad-arbequina/#breadcrumb"},"inLanguage":"es","potentialAction":[{"@type":"ReadAction","target":["https://delcetino.eu/es/producto/aceite-de-oliva-virgen-extra-variedad-arbequina/"]}]},{"@type":"BreadcrumbList","@id":"https://delcetino.eu/es/producto/aceite-de-oliva-virgen-extra-variedad-arbequina/#breadcrumb","itemListElement":[{"@type":"ListItem","position":1,"name":"Del Cetino","item":"https://delcetino.eu/es/"},{"@type":"ListItem","position":2,"name":"Tienda","item":"https://delcetino.eu/es/tienda/"},{"@type":"ListItem","position":3,"name":"Aceite de Oliva Virgen Extra variedad Arbequina"}]},{"@type":"WebSite","@id":"https://delcetino.eu/en/#website","url":"https://delcetino.eu/en/","name":"Del Cetino Olijfolie","description":"Authentieke Olijfolie uit Spanje","potentialAction":[{"@type":"SearchAction","target":{"@type":"EntryPoint","urlTemplate":"https://delcetino.eu/en/?s={search_term_string}"},"query-input":"required name=search_term_string"}],"inLanguage":"es"}]}</script>
<!-- / Yoast SEO plugin. -->

Un aceite delicado, con un sabor suave y un aroma claramente distinto.  Perfecto para pescados a la brasa, lechugas frescas o en un puré delicioso para reemplazar la mantequilla.  Características   El fruto de la variedad ‘Arbequina‘ es ovalado y pequeño. El periodo de cosecha empieza en nuestra región desde finales de septiembre. Característica es el alto nivel de ácido linoleico. Esto explica la densidad típica y afrutado del aceite. Además, le da su carácter típico "mantecoso".  Al mismo tiempo, es el aceite más susceptibles a la oxidación, lo que significa que su vida útil es menor que con otras variedades. Así que definitivamente no guarde pero disfrutar!  El aceite se utiliza mejor en frío debido a las sustancias aromáticas que son muy volátiles.
