{"id":4167,"date":"2023-11-08T10:50:20","date_gmt":"2023-11-08T10:50:20","guid":{"rendered":"https:\/\/delcetino.eu\/?post_type=product&#038;p=4167"},"modified":"2023-11-09T10:06:09","modified_gmt":"2023-11-09T10:06:09","slug":"aceite-de-oliva-virgen-extra-variedad-verdial","status":"publish","type":"product","link":"https:\/\/delcetino.eu\/es\/producto\/aceite-de-oliva-virgen-extra-variedad-verdial\/","title":{"rendered":"Aceite de Oliva Virgen Extra Variedad Verdial"},"content":{"rendered":"<h2><strong>Aceite de Oliva Virgen Extra Variedad Verdial<\/strong><\/h2>\n<p>Este aceite de las aceitunas verdes\u00a0 de la zona tiene un sabor frutado con un toque de amargo muy tipico.<\/p>\n<p><strong>\u00a0<\/strong><\/p>\n<p><strong>Caracter\u00edsticas<\/strong><\/p>\n<p>El Verdial es de forma redonda y pesa aproximadamente 5,7 gr. Es una variedad local de la provincia de Huelva. El per\u00edodo de cosecha ideal comienza a finales de noviembre.<\/p>\n<p>La fruta se caracteriza por una c\u00e1scara m\u00e1s dura y un contenido alto de \u00e1cido linoleico. La variedad es generalmente procesada como aceituna de mesa. Ahora lo utilizamos para producir un aceite que sorprende los expertos espa\u00f1oles y chefs: suave, afrutado y con un toque ligeramente amargo. Ideal para platos fr\u00edos y calientes.<\/p>\n<p><strong>\u00a0<\/strong><\/p>\n<p><strong>Embalaje <\/strong><\/p>\n<p>25 cl Vidrio obscuro<\/p>\n<p>50 cl Vidrio obscuro<\/p>\n<p>3L Baginbox<\/p>\n<p>Estuche de lujo (3x25cl o 1x50cl)<\/p>\n<p>&nbsp;<\/p>\n<p>&nbsp;<\/p>\n<p>&nbsp;<\/p>\n<p>&nbsp;<\/p>\n<h2><strong>\u00a0<\/strong><\/h2>\n","protected":false},"excerpt":{"rendered":"<p>Este aceite de las aceitunas verdes\u00a0 de la zona tiene un sabor frutado con un toque de amargo muy tipico.<\/p>\n<p><strong>\u00a0<\/strong><\/p>\n<p><strong>Caracter\u00edsticas<\/strong><\/p>\n<p>El Verdial es de forma redonda y pesa aproximadamente 5,7 gr. Es una variedad local de la provincia de Huelva. El per\u00edodo de cosecha ideal comienza a finales de noviembre.<\/p>\n<p>La fruta se caracteriza por una c\u00e1scara m\u00e1s dura y un contenido alto de \u00e1cido linoleico. La variedad es generalmente procesada como aceituna de mesa. Ahora lo utilizamos para producir un aceite que sorprende los expertos espa\u00f1oles y chefs: suave, afrutado y con un toque ligeramente amargo. Ideal para platos fr\u00edos y calientes.<\/p>\n","protected":false},"featured_media":4022,"comment_status":"closed","ping_status":"closed","template":"","meta":[],"product_cat":[110,111],"product_tag":[],"class_list":{"0":"post-4167","1":"product","2":"type-product","3":"status-publish","4":"has-post-thumbnail","6":"product_cat-aceite-de-oliva-virgen-extra-es","7":"product_cat-verdial-es"},"yoast_head":"<!-- This site is optimized with the Yoast SEO plugin v21.7 - https:\/\/yoast.com\/wordpress\/plugins\/seo\/ -->\n<title>Aceite de Oliva Virgen Extra Variedad Verdial - Del Cetino Olijfolie<\/title>\n<meta name=\"robots\" content=\"noindex, follow\" \/>\n<meta property=\"og:locale\" content=\"es_ES\" \/>\n<meta property=\"og:type\" content=\"article\" \/>\n<meta property=\"og:title\" content=\"Aceite de Oliva Virgen Extra Variedad Verdial - Del Cetino Olijfolie\" \/>\n<meta property=\"og:description\" content=\"Este aceite de las aceitunas verdes\u00a0 de la zona tiene un sabor frutado con un toque de amargo muy tipico.  \u00a0  Caracter\u00edsticas  El Verdial es de forma redonda y pesa aproximadamente 5,7 gr. Es una variedad local de la provincia de Huelva. El per\u00edodo de cosecha ideal comienza a finales de noviembre.  La fruta se caracteriza por una c\u00e1scara m\u00e1s dura y un contenido alto de \u00e1cido linoleico. La variedad es generalmente procesada como aceituna de mesa. Ahora lo utilizamos para producir un aceite que sorprende los expertos espa\u00f1oles y chefs: suave, afrutado y con un toque ligeramente amargo. Ideal para platos fr\u00edos y calientes.\" \/>\n<meta property=\"og:url\" content=\"https:\/\/delcetino.eu\/es\/producto\/aceite-de-oliva-virgen-extra-variedad-verdial\/\" \/>\n<meta property=\"og:site_name\" content=\"Del Cetino Olijfolie\" \/>\n<meta property=\"article:modified_time\" content=\"2023-11-09T10:06:09+00:00\" \/>\n<meta property=\"og:image\" content=\"https:\/\/delcetino.eu\/wp-content\/uploads\/2023\/09\/aceite-oliva-virgen-extra-verdial-50cl.jpg\" \/>\n\t<meta property=\"og:image:width\" content=\"1000\" \/>\n\t<meta property=\"og:image:height\" content=\"973\" \/>\n\t<meta property=\"og:image:type\" content=\"image\/jpeg\" \/>\n<meta name=\"twitter:label1\" content=\"Tiempo de lectura\" \/>\n\t<meta name=\"twitter:data1\" content=\"1 minuto\" \/>\n<script type=\"application\/ld+json\" class=\"yoast-schema-graph\">{\"@context\":\"https:\/\/schema.org\",\"@graph\":[{\"@type\":\"WebPage\",\"@id\":\"https:\/\/delcetino.eu\/es\/producto\/aceite-de-oliva-virgen-extra-variedad-verdial\/\",\"url\":\"https:\/\/delcetino.eu\/es\/producto\/aceite-de-oliva-virgen-extra-variedad-verdial\/\",\"name\":\"Aceite de Oliva Virgen Extra Variedad Verdial - Del Cetino Olijfolie\",\"isPartOf\":{\"@id\":\"https:\/\/delcetino.eu\/en\/#website\"},\"datePublished\":\"2023-11-08T10:50:20+00:00\",\"dateModified\":\"2023-11-09T10:06:09+00:00\",\"breadcrumb\":{\"@id\":\"https:\/\/delcetino.eu\/es\/producto\/aceite-de-oliva-virgen-extra-variedad-verdial\/#breadcrumb\"},\"inLanguage\":\"es\",\"potentialAction\":[{\"@type\":\"ReadAction\",\"target\":[\"https:\/\/delcetino.eu\/es\/producto\/aceite-de-oliva-virgen-extra-variedad-verdial\/\"]}]},{\"@type\":\"BreadcrumbList\",\"@id\":\"https:\/\/delcetino.eu\/es\/producto\/aceite-de-oliva-virgen-extra-variedad-verdial\/#breadcrumb\",\"itemListElement\":[{\"@type\":\"ListItem\",\"position\":1,\"name\":\"Del Cetino\",\"item\":\"https:\/\/delcetino.eu\/es\/\"},{\"@type\":\"ListItem\",\"position\":2,\"name\":\"Tienda\",\"item\":\"https:\/\/delcetino.eu\/es\/tienda\/\"},{\"@type\":\"ListItem\",\"position\":3,\"name\":\"Aceite de Oliva Virgen Extra Variedad Verdial\"}]},{\"@type\":\"WebSite\",\"@id\":\"https:\/\/delcetino.eu\/en\/#website\",\"url\":\"https:\/\/delcetino.eu\/en\/\",\"name\":\"Del Cetino Olijfolie\",\"description\":\"Authentieke Olijfolie uit Spanje\",\"potentialAction\":[{\"@type\":\"SearchAction\",\"target\":{\"@type\":\"EntryPoint\",\"urlTemplate\":\"https:\/\/delcetino.eu\/en\/?s={search_term_string}\"},\"query-input\":\"required name=search_term_string\"}],\"inLanguage\":\"es\"}]}<\/script>\n<!-- \/ Yoast SEO plugin. -->","yoast_head_json":{"title":"Aceite de Oliva Virgen Extra Variedad Verdial - Del Cetino Olijfolie","robots":{"index":"noindex","follow":"follow"},"og_locale":"es_ES","og_type":"article","og_title":"Aceite de Oliva Virgen Extra Variedad Verdial - Del Cetino Olijfolie","og_description":"Este aceite de las aceitunas verdes\u00a0 de la zona tiene un sabor frutado con un toque de amargo muy tipico.  \u00a0  Caracter\u00edsticas  El Verdial es de forma redonda y pesa aproximadamente 5,7 gr. Es una variedad local de la provincia de Huelva. El per\u00edodo de cosecha ideal comienza a finales de noviembre.  La fruta se caracteriza por una c\u00e1scara m\u00e1s dura y un contenido alto de \u00e1cido linoleico. La variedad es generalmente procesada como aceituna de mesa. Ahora lo utilizamos para producir un aceite que sorprende los expertos espa\u00f1oles y chefs: suave, afrutado y con un toque ligeramente amargo. Ideal para platos fr\u00edos y calientes.","og_url":"https:\/\/delcetino.eu\/es\/producto\/aceite-de-oliva-virgen-extra-variedad-verdial\/","og_site_name":"Del Cetino Olijfolie","article_modified_time":"2023-11-09T10:06:09+00:00","og_image":[{"width":1000,"height":973,"url":"https:\/\/delcetino.eu\/wp-content\/uploads\/2023\/09\/aceite-oliva-virgen-extra-verdial-50cl.jpg","type":"image\/jpeg"}],"twitter_misc":{"Tiempo de lectura":"1 minuto"},"schema":{"@context":"https:\/\/schema.org","@graph":[{"@type":"WebPage","@id":"https:\/\/delcetino.eu\/es\/producto\/aceite-de-oliva-virgen-extra-variedad-verdial\/","url":"https:\/\/delcetino.eu\/es\/producto\/aceite-de-oliva-virgen-extra-variedad-verdial\/","name":"Aceite de Oliva Virgen Extra Variedad Verdial - Del Cetino Olijfolie","isPartOf":{"@id":"https:\/\/delcetino.eu\/en\/#website"},"datePublished":"2023-11-08T10:50:20+00:00","dateModified":"2023-11-09T10:06:09+00:00","breadcrumb":{"@id":"https:\/\/delcetino.eu\/es\/producto\/aceite-de-oliva-virgen-extra-variedad-verdial\/#breadcrumb"},"inLanguage":"es","potentialAction":[{"@type":"ReadAction","target":["https:\/\/delcetino.eu\/es\/producto\/aceite-de-oliva-virgen-extra-variedad-verdial\/"]}]},{"@type":"BreadcrumbList","@id":"https:\/\/delcetino.eu\/es\/producto\/aceite-de-oliva-virgen-extra-variedad-verdial\/#breadcrumb","itemListElement":[{"@type":"ListItem","position":1,"name":"Del Cetino","item":"https:\/\/delcetino.eu\/es\/"},{"@type":"ListItem","position":2,"name":"Tienda","item":"https:\/\/delcetino.eu\/es\/tienda\/"},{"@type":"ListItem","position":3,"name":"Aceite de Oliva Virgen Extra Variedad Verdial"}]},{"@type":"WebSite","@id":"https:\/\/delcetino.eu\/en\/#website","url":"https:\/\/delcetino.eu\/en\/","name":"Del Cetino Olijfolie","description":"Authentieke Olijfolie uit Spanje","potentialAction":[{"@type":"SearchAction","target":{"@type":"EntryPoint","urlTemplate":"https:\/\/delcetino.eu\/en\/?s={search_term_string}"},"query-input":"required name=search_term_string"}],"inLanguage":"es"}]}},"_links":{"self":[{"href":"https:\/\/delcetino.eu\/es\/wp-json\/wp\/v2\/product\/4167","targetHints":{"allow":["GET"]}}],"collection":[{"href":"https:\/\/delcetino.eu\/es\/wp-json\/wp\/v2\/product"}],"about":[{"href":"https:\/\/delcetino.eu\/es\/wp-json\/wp\/v2\/types\/product"}],"replies":[{"embeddable":true,"href":"https:\/\/delcetino.eu\/es\/wp-json\/wp\/v2\/comments?post=4167"}],"wp:featuredmedia":[{"embeddable":true,"href":"https:\/\/delcetino.eu\/es\/wp-json\/wp\/v2\/media\/4022"}],"wp:attachment":[{"href":"https:\/\/delcetino.eu\/es\/wp-json\/wp\/v2\/media?parent=4167"}],"wp:term":[{"taxonomy":"product_cat","embeddable":true,"href":"https:\/\/delcetino.eu\/es\/wp-json\/wp\/v2\/product_cat?post=4167"},{"taxonomy":"product_tag","embeddable":true,"href":"https:\/\/delcetino.eu\/es\/wp-json\/wp\/v2\/product_tag?post=4167"}],"curies":[{"name":"wp","href":"https:\/\/api.w.org\/{rel}","templated":true}]}}

<h2><strong>Aceite de Oliva Virgen Extra Variedad Verdial</strong></h2>
<p>Este aceite de las aceitunas verdes  de la zona tiene un sabor frutado con un toque de amargo muy tipico.</p>
<p><strong> </strong></p>
<p><strong>Características</strong></p>
<p>El Verdial es de forma redonda y pesa aproximadamente 5,7 gr. Es una variedad local de la provincia de Huelva. El período de cosecha ideal comienza a finales de noviembre.</p>
<p>La fruta se caracteriza por una cáscara más dura y un contenido alto de ácido linoleico. La variedad es generalmente procesada como aceituna de mesa. Ahora lo utilizamos para producir un aceite que sorprende los expertos españoles y chefs: suave, afrutado y con un toque ligeramente amargo. Ideal para platos fríos y calientes.</p>
<p><strong> </strong></p>
<p><strong>Embalaje </strong></p>
<p>25 cl Vidrio obscuro</p>
<p>50 cl Vidrio obscuro</p>
<p>3L Baginbox</p>
<p>Estuche de lujo (3x25cl o 1x50cl)</p>
<p>&nbsp;</p>
<p>&nbsp;</p>
<p>&nbsp;</p>
<p>&nbsp;</p>
<h2><strong> </strong></h2>

<p>Este aceite de las aceitunas verdes  de la zona tiene un sabor frutado con un toque de amargo muy tipico.</p>
<p><strong> </strong></p>
<p><strong>Características</strong></p>
<p>El Verdial es de forma redonda y pesa aproximadamente 5,7 gr. Es una variedad local de la provincia de Huelva. El período de cosecha ideal comienza a finales de noviembre.</p>
<p>La fruta se caracteriza por una cáscara más dura y un contenido alto de ácido linoleico. La variedad es generalmente procesada como aceituna de mesa. Ahora lo utilizamos para producir un aceite que sorprende los expertos españoles y chefs: suave, afrutado y con un toque ligeramente amargo. Ideal para platos fríos y calientes.</p>

<!-- This site is optimized with the Yoast SEO plugin v21.7 - https://yoast.com/wordpress/plugins/seo/ -->
<title>Aceite de Oliva Virgen Extra Variedad Verdial - Del Cetino Olijfolie</title>
<meta name="robots" content="noindex, follow" />
<meta property="og:locale" content="es_ES" />
<meta property="og:type" content="article" />
<meta property="og:title" content="Aceite de Oliva Virgen Extra Variedad Verdial - Del Cetino Olijfolie" />
<meta property="og:description" content="Este aceite de las aceitunas verdes  de la zona tiene un sabor frutado con un toque de amargo muy tipico.     Características  El Verdial es de forma redonda y pesa aproximadamente 5,7 gr. Es una variedad local de la provincia de Huelva. El período de cosecha ideal comienza a finales de noviembre.  La fruta se caracteriza por una cáscara más dura y un contenido alto de ácido linoleico. La variedad es generalmente procesada como aceituna de mesa. Ahora lo utilizamos para producir un aceite que sorprende los expertos españoles y chefs: suave, afrutado y con un toque ligeramente amargo. Ideal para platos fríos y calientes." />
<meta property="og:url" content="https://delcetino.eu/es/producto/aceite-de-oliva-virgen-extra-variedad-verdial/" />
<meta property="og:site_name" content="Del Cetino Olijfolie" />
<meta property="article:modified_time" content="2023-11-09T10:06:09+00:00" />
<meta property="og:image" content="https://delcetino.eu/wp-content/uploads/2023/09/aceite-oliva-virgen-extra-verdial-50cl.jpg" />
	<meta property="og:image:width" content="1000" />
	<meta property="og:image:height" content="973" />
	<meta property="og:image:type" content="image/jpeg" />
<meta name="twitter:label1" content="Tiempo de lectura" />
	<meta name="twitter:data1" content="1 minuto" />
<script type="application/ld+json" class="yoast-schema-graph">{"@context":"https://schema.org","@graph":[{"@type":"WebPage","@id":"https://delcetino.eu/es/producto/aceite-de-oliva-virgen-extra-variedad-verdial/","url":"https://delcetino.eu/es/producto/aceite-de-oliva-virgen-extra-variedad-verdial/","name":"Aceite de Oliva Virgen Extra Variedad Verdial - Del Cetino Olijfolie","isPartOf":{"@id":"https://delcetino.eu/en/#website"},"datePublished":"2023-11-08T10:50:20+00:00","dateModified":"2023-11-09T10:06:09+00:00","breadcrumb":{"@id":"https://delcetino.eu/es/producto/aceite-de-oliva-virgen-extra-variedad-verdial/#breadcrumb"},"inLanguage":"es","potentialAction":[{"@type":"ReadAction","target":["https://delcetino.eu/es/producto/aceite-de-oliva-virgen-extra-variedad-verdial/"]}]},{"@type":"BreadcrumbList","@id":"https://delcetino.eu/es/producto/aceite-de-oliva-virgen-extra-variedad-verdial/#breadcrumb","itemListElement":[{"@type":"ListItem","position":1,"name":"Del Cetino","item":"https://delcetino.eu/es/"},{"@type":"ListItem","position":2,"name":"Tienda","item":"https://delcetino.eu/es/tienda/"},{"@type":"ListItem","position":3,"name":"Aceite de Oliva Virgen Extra Variedad Verdial"}]},{"@type":"WebSite","@id":"https://delcetino.eu/en/#website","url":"https://delcetino.eu/en/","name":"Del Cetino Olijfolie","description":"Authentieke Olijfolie uit Spanje","potentialAction":[{"@type":"SearchAction","target":{"@type":"EntryPoint","urlTemplate":"https://delcetino.eu/en/?s={search_term_string}"},"query-input":"required name=search_term_string"}],"inLanguage":"es"}]}</script>
<!-- / Yoast SEO plugin. -->

Este aceite de las aceitunas verdes  de la zona tiene un sabor frutado con un toque de amargo muy tipico.     Características  El Verdial es de forma redonda y pesa aproximadamente 5,7 gr. Es una variedad local de la provincia de Huelva. El período de cosecha ideal comienza a finales de noviembre.  La fruta se caracteriza por una cáscara más dura y un contenido alto de ácido linoleico. La variedad es generalmente procesada como aceituna de mesa. Ahora lo utilizamos para producir un aceite que sorprende los expertos españoles y chefs: suave, afrutado y con un toque ligeramente amargo. Ideal para platos fríos y calientes.
